3 (base 12) to base 5.
214332
Convert -1753 (base 11) to base 14.
-b5a
300032 (base 5) to base 6
111252
What is 1111010001011 (base 2) in base 10?
7819
310040 (base 6) to base 16
6048
-350 (base 11) to base 15
-1cd
Convert 31304 (base 6) to base 13.
1bc4
What is -53010 (base 7) in base 6?
-140213
-140 (base 6) to base 16
-3c
What is -267 (base 11) in base 7?
-630
Convert 4218 (base 11) to base 15.
19c5
What is 5264 (base 7) in base 6?
12335
What is -140310 (base 6) in base 2?
-11001100010010
-313 (base 6) to base 3
-11100
-111101101 (base 2) to base 6
-2141
What is -3617 (base 9) in base 13?
-12bb
What is -8077 (base 15) in base 5?
-1331422
484 (base 10) to base 15
224
11000110110100 (base 2) to base 6
134524
Convert 2433 (base 5) to base 7.
1034
Convert -4b3d (base 15) to base 12.
-9341
Convert -32991 (base 10) to base 16.
-80df
-1699 (base 15) to base 7
-20124
20131 (base 6) to base 13
1288
What is -508 (base 11) in base 9?
-751
What is 1114130 (base 5) in base 3?
1000022121
What is 1000100110010 (base 2) in base 9?
6031
Convert -948 (base 16) to base 10.
-2376
Convert 41401 (base 5) to base 8.
5246
What is 1621 (base 16) in base 9?
7684
What is -31b3 (base 14) in base 8?
-20611
d184 (base 15) to base 14
1218c
Convert c0e (base 15) to base 14.
dbc
9768 (base 10) to base 16
2628
What is 320 (base 12) in base 5?
3311
What is -11050 (base 6) in base 15?
-6cc
What is -2024 (base 9) in base 16?
-5c8
-1259 (base 12) to base 11
-1626
Convert -16286 (base 9) to base 8.
-25647
What is 5355 (base 7) in base 10?
1902
2021121102 (base 3) to base 5
2414122
What is -1011001010101011 (base 2) in base 4?
-23022223
251244 (base 7) to base 16
b40c
101303 (base 5) to base 11
2556
Convert 7348 (base 9) to base 11.
4060
Convert -1121000 (base 3) to base 11.
-966
Convert 251 (base 16) to base 5.
4333
Convert -2341 (base 5) to base 4.
-11122
Convert -2244 (base 8) to base 13.
-705
Convert -183 (base 13) to base 4.
-10110
Convert 1011100100010 (base 2) to base 4.
1130202
What is 5405 (base 6) in base 14?
63b
112120 (base 4) to base 9
1861
10104 (base 5) to base 13
3b4
What is -13a71 (base 12) in base 11?
-19690
1105314 (base 6) to base 9
84271
Convert -20201010 (base 3) to base 8.
-11432
2aa2 (base 12) to base 8
11632
Convert -24630 (base 10) to base 15.
-7470
-2705 (base 15) to base 5
-231310
-302102 (base 4) to base 15
-e48
What is -3a4 (base 12) in base 11?
-466
Convert -474 (base 8) to base 12.
-224
-132 (base 14) to base 6
-1040
What is -11323 (base 5) in base 11?
-6a2
-518 (base 9) to base 12
-2b2
Convert c967 (base 16) to base 2.
1100100101100111
37b (base 13) to base 16
261
Convert 1286a (base 12) to base 5.
1303201
-1050 (base 7) to base 15
-1a3
What is -131 (base 4) in base 7?
-41
-1424 (base 10) to base 13
-857
-42a8 (base 11) to base 13
-2783
What is 5a4 (base 11) in base 10?
719
Convert -1555 (base 7) to base 6.
-2524
-1101000021 (base 3) to base 8
-64544
Convert 2230 (base 8) to base 10.
1176
Convert -242 (base 10) to base 3.
-22222
51 (base 14) to base 3
2122
Convert -23362 (base 8) to base 15.
-2e4a
Convert -4242 (base 7) to base 2.
-10111011100
-31a (base 12) to base 14
-246
Convert -650 (base 7) to base 9.
-405
114131 (base 8) to base 4
21201121
-1421 (base 5) to base 16
-ec
Convert -1233002 (base 4) to base 10.
-7106
What is 131a (base 12) in base 6?
14034
What is -22062 (base 9) in base 4?
-3210230
What is -2d21 (base 14) in base 16?
-1f81
Convert 204 (base 8) to base 3.
11220
782 (base 15) to base 6
11505
25c (base 13) to base 6
1531
What is -a611 (base 13) in base 12?
-11386
What is 1121 (base 5) in base 3?
12222
Convert -7085 (base 9) to base 3.
-21002212
What is -201221 (base 3) in base 5?
-4123
Convert -1111100011011000 (base 2) to base 12.
-30a48
6c3 (base 15) to base 6
11033
What is 2593 (base 11) in base 7?
12552
What is -245 (base 12) in base 5?
-2331
Convert 111202121 (base 3) to base 14.
3929
Convert 1114 (base 7) to base 11.
337
Convert 1110502 (base 6) to base 14.
16538
Convert -2200021 (base 4) to base 14.
-3a41
What is -11323030 (base 4) in base 10?
-24268
11000011101100 (base 2) to base 15
3a9e
Convert 64451 (base 8) to base 7.
141326
814 (base 12) to base 14
5d6
Convert 100010 (base 4) to base 8.
2004
-140041 (base 5) to base 11
-4273
-1191 (base 10) to base 16
-4a7
Convert 2c (base 14) to base 3.
1111
Convert 232 (base 12) to base 7.
644
What is 3042 (base 8) in base 4?
120202
0 (base 11) to base 3
0
-1000000111001111 (base 2) to base 5
-2030411
-123300 (base 4) to base 14
-90c
190 (base 16) to base 11
334
87a (base 12) to base 8
2336
What is 103234 (base 5) in base 3?
11220012
Convert -414 (base 15) to base 11.
-766
43 (base 12) to base 4
303
-450a (base 11) to base 7
-23213
Convert 110001111110111 (base 2) to base 13.
b857
What is 11110111001011 (base 2) in base 11?
10981
24 (base 12) to base 8
34
Convert -74 (base 15) to base 8.
-155
What is -10637 (base 9) in base 10?
-7081
What is -100000101100110 (base 2) in base 11?
-11640
-18c7 (base 14) to base 11
-340a
Convert 1d7b (base 16) to base 14.
2a71
10110010000 (base 2) to base 3
1221202
Convert 1a8 (base 14) to base 5.
2334
-20232 (base 4) to base 8
-1056
-530 (base 9) to base 4
-12300
What is 244 (base 14) in base 7?
1214
What is -9a7a (base 11) in base 4?
-3033130
215c (base 16) to base 2
10000101011100
1755 (base 10) to base 12
1023
1234 (base 5) to base 2
11000010
Convert -8880 (base 12) to base 14.
-56c8
What is 31413 (base 6) in base 5?
114012
44062 (base 7) to base 13
5029
168 (base 14) to base 3
101200
-103055 (base 7) to base 10
-17876
What is -e6d (base 15) in base 14?
-1285
What is 1002232 (base 4) in base 15?
13ea
Convert 60552 (base 7) to base 14.
54d2
What is 3158 (base 15) in base 13?
4997
Convert -244 (base 10) to base 14.
-136
What is -5b (base 14) in base 5?
-311
1640 (base 8) to base 16
3a0
Convert 222 (base 6) to base 12.
72
What is da8 (base 16) in base 13?
178c
What is a8b (base 15) in base 12?
1465
What is -14 (base 13) in base 4?
-101
Convert -6897 (base 12) to base 11.
-8818
Convert cb0 (base 16) to base 4.
302300
-2509 (base 12) to base 10
-4185
-520 (base 15) to base 14
-5c7
Convert -2c56 (base 14) to base 2.
-1111011101100
2651 (base 10) to base 9
3565
Convert 276 (base 16) to base 6.
2530
What is 87d3 (base 15) in base 10?
28773
-110110010111 (base 2) to base 13
-1778
What is 22102 (base 4) in base 12?
46a
Convert -1100110111 (base 2) to base 8.
-1467
What is 13a2 (base 14) in base 12?
2016
Convert 20012212 (base 3) to base 7.
16133
310 (base 9) to base 4
3330
Convert 34101 (base 6) to base 2.
1001010110101
What is 200 (base 13) in base 6?
1322
What is -823 (base 14) in base 15?
-719
Convert 16b (base 16) to base 2.
101101011
Convert -234424 (base 6) to base 16.
-4ff0
940 (base 13) to base 12
ab1
Convert -1331 (base 16) to base 13.
-230c
What is 75a (base 14) in base 15?
66c
-2343433 (base 5) to base 10
-43618
Convert 10201100 (base 3) to base 14.
db7
What is 4bf (base 16) in base 14?
62b
Convert 2165 (base 8) to base 5.
14031
Convert 102100200 (base 3) to base 9.
12320
What is -3506 (base 10) in base 9?
-4725
24314 (base 8) to base 6
120204
What is 1011100000 (base 2) in base 7?
2101
Convert -41 (base 7) to base 14.
-21
-46714 (base 8) to base 3
-1000022122
2fdd (base 16) to base 8
27735
33020 (base 8) to base 2
11011000010000
-230714 (base 8) to base 5
-10001114
-3116 (base 7) to base 13
-65c
What is -14312 (base 5) in base 11?
-9a8
What is 1301 (base 4) in base 15?
78
Convert -220b7 (base 12) to base 8.
-130013
-3961 (base 12) to base 9
-8881
-166640 (base 7) to base 11
-2326a
-57 (base 16) to base 14
-63
Convert 438 (base 11) to base 16.
20d
7423 (base 12) to base 7
52011
a314 (base 14) to base 4
12312032
What is 4150 (base 12) in base 16?
1bcc
Convert 10c0 (base 16) to base 2.
1000011000000
What is 34205 (base 6) in base 5?
123304
-2255 (base 7) to base 3
-1010112
What is 105 (base 11) in base 13?
99
What is -3471 (base 8) in base 2?
-11100111001
Convert -27009 (base 10) to base 4.
-12212001
7005 (base 9) to base 5
130413
What is -2195 (base 10) in base 6?
-14055
What is -50014 (base 7) in base 6?
-131344
5b80 (base 12) to base 7
42042
3123 (base 7) to base 14
583
What is 220 (base 5) in base 7?
114
-1c067 (base 14) to base 8
-213413
Co